-n - 4*l. Let a = 26 - n. What are the prime factors of a?
2
Suppose 3*w = 0, -3 = -b + w - 0*w. Let p be 1/(-1) - (b - -8). Let l = -7 - p. List the prime factors of l.
5
Let l(q) = 2*q**2 - q - 3. List the prime factors of l(4).
5
Let x = -7 - -10. Suppose -25 = -x*r + 8*r. Let w = r + 8. What are the prime factors of w?
3
Suppose u + 5*y = 31, -50 = -2*u - 0*y - 4*y. What are the prime factors of u?
3, 7
Let w(y) = -y**2 + 7*y - 2. Let g be w(5). Let o(p) = -p**2 + 4*p + 1. Let d be o(4). Suppose d = -a + g. List the prime factors of a.
7
Let p(o) = 18*o**2 + 1. Let n(b) be the first derivative of b**3/3 - 3*b**2/2 - 5*b + 4. Let l be n(4). List the prime factors of p(l).
19
Let g(v) be the second derivative of v**4/12 - v**3 + 2*v**2 + 2*v. Let h(r) = -6*r**3 + r**2 - r - 1. Let k be h(-1). What are the prime factors of g(k)?
11
Let u = 24 + -6. Suppose -3*x + u = -0*x. What are the prime factors of x?
2, 3
Let p be (10/6)/(3/369). Suppose a - 6*a = -p. Suppose a = 4*o + 9. List the prime factors of o.
2
Let d(o) = o - o**3 + 7*o**2 + 2*o**2 + 2 - 3*o**2 + 6. What are the prime factors of d(6)?
2, 7
Let a be (3/(-2) + 1)*0. Let t = a + 14. List the prime factors of t.
2, 7
Let l = 126 - -79. What are the prime factors of l?
5, 41
Let q = -7 + 2. Let v = q - -9. Suppose -v*c = -30 + 2. What are the prime factors of c?
7
Let c(x) = -x**2 + 14*x - 4. Let m be c(11). Let n = m + -24. What are the prime factors of n?
5
Let r be (-111)/(-21) + 4/(-14). Let y(o) = o**3 - 5*o**2 + 3*o - 4. List the prime factors of y(r).
11
Let o(u) be the second derivative of -u**3/6 + 3*u**2 + 2*u. Let d = 15 - 21. List the prime factors of o(d).
2, 3
Suppose -x = 3*x + n - 244, -5*x - 5*n + 305 = 0. Let p = -34 + x. What are the prime factors of p?
3
Suppose u - 2*q = -4*q + 13, 4*u + 5*q = 43. Suppose -141 = -4*h + u. List the prime factors of h/4 - (-5)/(-20).
3
Let m(b) = b**3 - 5*b**2 - 5*b - 3. Let f be m(6). Suppose 4*x + 1 - 7 = -t, 0 = -t - f*x + 8. What are the prime factors of -1 + 2 - (-1 - t)?
2
Let y(a) = -a**3 + 10*a**2 + 3*a - 12. What are the prime factors of y(10)?
2, 3
Let j(y) = 3*y + 13. What are the prime factors of j(4)?
5
Let o(q) = q**3 + q**2 - 2*q + 1. Let m be o(1). Suppose 5*l - 54 = m. List the prime factors of (l/3)/((-2)/(-6)).
11
Suppose j - 4 = -j. Suppose -60 = -z + 4*z + 3*b, 4*z = -j*b - 80. Let q = z - -34. List the prime factors of q.
2, 7
Suppose -c + 1 = 5*k, k = -k. Let q = -5 - c. List the prime factors of (-69)/q + (-3)/(-6).
2, 3
Let f(x) = -x**2 + 5*x + 6. Let d be f(6). Suppose 0 = -2*m - 2*m - 2*s + 74, 2*m + 4*s - 40 = d. List the prime factors of m.
2, 3
Suppose -2*w + 4*b - 463 = -5*w, 770 = 5*w + 5*b. What are the prime factors of w?
3, 17
Suppose n = 5*r + 24, -6*n + n + 99 = -4*r. Let b = 36 - n. List the prime factors of b.
17
Suppose -49 + 309 = 5*j. List the prime factors of j.
2, 13
Let j(s) = s**3 - 2*s**2 + 2. Let k be j(3). Let m be -1 - (-3*k + 2). Suppose -85 = -5*w - m. What are the prime factors of w?
11
Let u = 63 + -35. Suppose 3*s - u = s. Let r = 26 - s. List the prime factors of r.
2, 3
What are the prime factors of -3 - (-2 - 4)*4?
3, 7
Let y(p) be the first derivative of 3*p**4/4 - p**3/3 - p**2 + p - 1. Let s be y(2). Suppose 2 = -u + 3*u + 2*l, 3*l = u - s. List the prime factors of u.
5
Let d = 24 - -19. List the prime factors of d.
43
Let b = 19 + 61. List the prime factors of b.
2, 5
Suppose j - 28 = 29. Let l = j - 17. Let k = -29 + l. List the prime factors of k.
11
Let f(t) = -2*t + 14. What are the prime factors of f(-12)?
2, 19
Let h(a) = 23*a**3 - 3*a**2 + 2*a - 2. What are the prime factors of h(2)?
2, 3, 29
Suppose -2*n = 2*p + 6, -4*n + p = 1 - 14. Let t be (0 + n)*(0 + 1). What are the prime factors of (-2)/((8/(-6))/t)?
3
Let s = -19 + 12. Let h = s + 20. List the prime factors of h.
13
Let c(u) be the first derivative of -u**4/4 + 13*u**3/3 - 5*u**2 - 4. List the prime factors of c(12).
2, 3
Let x be 5 - (3 - (-9)/(-3)). Suppose -x*o = 41 + 4. Let u = o - -12. List the prime factors of u.
3
Suppose 3*i - 9 = 0, 2*i - 61 = -5*r - 0. Suppose -4*v + r = 2*w + v, 5*w + 4*v = 53. List the prime factors of w.
13
Let n(g) = g**3 + 5*g**2 + 4*g + 4. Let i = -6 + 3. Let q be n(i). Suppose 2*u - 2*l = 3 + 1, -5*u = -3*l - q. List the prime factors of u.
2
Suppose 5*n = -0*n. Let g(x) = x**3 + x**2 - x + 3. What are the prime factors of g(n)?
3
Let c(p) be the third derivative of -p**5/60 - p**4/4 + 5*p**3/3 - p**2. Let k(z) = -z - 2. Let d be k(5). What are the prime factors of c(d)?
3
Let n = -97 + 244. List the prime factors of n.
3, 7
Let h = 156 + -100. List the prime factors of h.
2, 7
Let l be ((-28)/(-10))/((-12)/(-30)). Suppose -l*r = -2*r. What are the prime factors of (-19 - (r + -2))/(-1)?
17
Suppose -5*m + 40 + 100 = 0. Suppose -m = -c - 3*c. What are the prime factors of c?
7
Let g = 58 - 11. List the prime factors of g.
47
Suppose -8*r + 1343 = -1145. List the prime factors of r.
311
Let q(z) = -z**3 + 6*z**2 + 8*z - 4. List the prime factors of q(5).
61
Suppose -2*p - 2*j + 24 = 2*p, -4*p = -5*j - 38. List the prime factors of p.
7
Let s(h) = -h**2 + 11*h - 13. Let x be s(9). Let t(u) = -x*u + u**2 - 4*u - u - 2*u**2 - 8. What are the prime factors of t(-8)?
2
Suppose -5*q + 2*h + 3*h = -270, h = -4. What are the prime factors of q?
2, 5
Let w(x) be the third derivative of x**6/120 + x**5/20 - x**4/6 - x**3/6 + x**2. What are the prime factors of w(-3)?
11
Let l(b) = b**2 + 4. Let j be l(0). Suppose -j*u = u - 15. What are the prime factors of u?
3
Suppose 3*h - 114 = -18. Let n = h - -3. Let z = n + -22. List the prime factors of z.
13
Let l(u) = -u**2 - 8*u - 4. Suppose 3 + 22 = 5*j. Let n = -11 + j. List the prime factors of l(n).
2
Suppose 11 = 3*h - 16. Suppose 5*n + 29 = h. List the prime factors of n/(-6) - 4/(-3).
2
Let t = -23 + 32. Let j = -4 + t. List the prime factors of j.
5
Let o = 39 - 0. Suppose 2*q = 41 + o. What are the prime factors of q?
2, 5
Suppose 0 = -2*z - 3*z. List the prime factors of 20/(-10) + (8 - z).
2, 3
Let a(s) = -5*s**3 - 2*s**2 - s. Let k be a(-1). Suppose k*j - 2*j - 24 = 0. What are the prime factors of j?
2, 3
Suppose -4*u + 3*j - 47 = 140, 5*j - 240 = 5*u. Let s = 71 + u. List the prime factors of s.
2, 7
Let j = -727 - -1030. List the prime factors of j.
3, 101
Let r(n) = 2*n**2 + 10*n - 3. List the prime factors of r(-6).
3
Let x = 26 - 16. List the prime factors of ((-64)/20)/((-2)/x).
2
Suppose 15*l = 17*l - 248. List the prime factors of l.
2, 31
Suppose 23 - 3 = -5*t. Suppose -4*j = -5*c + 25, -j + 41 = 4*c - 0*c. Let m = t + c. What are the prime factors of m?
5
Let x(b) = b**3 - 10*b**2 + 11*b - 7. List the prime factors of x(9).
11
What are the prime factors of (-29 - (4 - 3))*-6?
2, 3, 5
Let r(w) = 2*w - 3. Let o be r(3). Suppose o*u - 5*n + 14 = 174, 2*u - n - 95 = 0. Suppose -5*a + 15 = -u. List the prime factors of a.
2, 3
Let x = 595 + -328. What are the prime factors of x?
3, 89
Let v = -61 - -95. What are the prime factors of v?
2, 17
Let j = 20 + -17. List the prime factors of j.
3
Let h be 39/(-4)*8/2. What are the prime factors of (-2 + 4)/(-6)*h?
13
Suppose -13 = 3*g - 124. Let q = g - 26. List the prime factors of q.
11
Let k(w) = 11 - 2*w + 4*w**2 - 5*w**2 + 4*w + 7*w. What are the prime factors of k(8)?
19
Suppose -56 = -6*r + 88. What are the prime factors of r?
2, 3
Let v(d) = d**2 - d + 2. Let t be v(2). Suppose 0 = t*z - 56 - 8. List the prime factors of z.
2
Let o be ((-1)/(-3))/(2/66). Suppose -l - o = -5*d, 33 = 6*l - l - 3*d. List the prime factors of l.
3
Let s(h) = -h + 2. Let n be s(5). Let f = 62 + -73. Let a = n - f. What are the prime factors of a?
2
Suppose 5*c = -3*q - 69, 4*c = q - 2*q - 51. List the prime factors of c/10*15/(-2).
3
Suppose 0 = -l + 5*i - 8, -4*l + 2*i - 5*i = -37. Let h(u) be the third derivative of -u**5/60 + 5*u**4/12 - 3*u**3/2 + 3*u**2. List the prime factors of h(l).
2, 3
Suppose -3*w + 22 = n - 34, 4*n + 4 = 0. List the prime factors of w.
19
Let n = 13 - -56. What are the prime factors of n?
3, 23
Let d be 0 + -3 + 4 + -3. List the prime factors of (-1)/d*(26 + -2).
2, 3
Suppose 59 = 4*y - 3*f, -5*y + 4*f = -19 - 55. Suppose -59 = -4*j + 45. Let o = j - y. What 